 + f**2 + 3*f. Let t be o(9). Let j be m(t). What is c(j)?
-6
Let w be (-7)/(-5) - (-10)/(-25). Let p(f) = f**2 - 1 - f**2 + 2*f**2 + 3*f**2 + f. Give p(w).
5
Suppose 5*b - 1 = h, 5*h + 13 = -b + 34. Let c(d) = 9*d**2 - h*d**2 - 1 - 6 + 5*d - 4*d - d**3. Let v = -1 - -6. Give c(v).
-2
Let b(f) = -f**2 - 4*f + 6. Let s be (-25)/4 + 4/16. Let m = 12 - 31. Let j be m/3 - 2/s. What is b(j)?
-6
Let k(x) = 2*x**3 + x**2 + 8*x - 1. Let s(t) = -t**2 + t + 0*t**2 + 0*t**3 + t**3. Let y(n) = k(n) - 3*s(n). Let r be (-10)/((-4)/2) - 0. What is y(r)?
-1
Let k be (-1 - 1)*(14/4 + -3). Let l(j) = 3*j**3 - 2*j**2 - j. Give l(k).
-4
Let u(k) = -k**2 + 4*k - 1. Let n(a) be the first derivative of -a**2/2 + 9*a - 3. Let t be n(6). Determine u(t).
2
Suppose -5 = -3*l + 8*l. Let r(j) = 15*j - 1. Calculate r(l).
-16
Let q(h) = h**3 - h + 1. Suppose 5*g + 0*g - 2*t = 98, -2*g = -4*t - 52. Suppose -4*m + 14 + g = 0. Suppose 0 = 3*n + n + m. Calculate q(n).
-5
Let v(p) = 3 + 2*p**2 + 2 - 7 - p**2 + 5*p. Give v(-4).
-6
Let g be -11 - -9 - (0 - 1). Let n be g/(-1)*(-36)/(-9). Let o(b) = -b**2 + 3*b - 2. Calculate o(n).
-6
Let m = 7 - 4. Let s be m/(-1)*(-4)/12. Let d(i) = -1. Let x(z) = z**2 - 4*z - 3. Let k(p) = s*x(p) - 5*d(p). What is k(4)?
2
Let k = -8 - -11. Let h(l) = 3*l**2 + 1. Let w(g) = -7*g**2 - g - 2. Let u(t) = 5*h(t) + 2*w(t). Calculate u(k).
4
Suppose 26*d - 14 = 28*d. Let u(g) = g + 16. Calculate u(d).
9
Let y(s) = -s**2 + s - 1. Let g be y(3). Let k(p) = p**3 + 8*p**2 + 7*p + 1. Give k(g).
1
Let b(g) = -4*g - 13. Let r(q) = 3*q + 9. Let z(l) = 5*b(l) + 7*r(l). Let f = 3 - 0. Determine z(f).
1
Let b be 1 + 4/(-2) + 3. Suppose g - b + 7 = 0. Let y(c) = 3*c + 7. Calculate y(g).
-8
Let w be 14/6 - (-2)/3. Suppose 0*n + q = 5*n + 10, 3*q = w*n + 18. Let x(g) = -4*g**2. Calculate x(n).
-4
Let m(w) = w**3 - 5*w**2 + 1. Let g = 123 - 87. Let x = g - 25. Let a = -6 + x. Give m(a).
1
Suppose 0*q - 5*q + 15 = 0. Let s(r) = q + 3 - 1 + r - 3. Calculate s(-3).
-1
Suppose -5*u + 25 = 2*q, -3*u + 6*u + q - 15 = 0. Let g(i) = i**2 - 6*i - 2. Calculate g(u).
-7
Let f(k) = -1 + 2*k + 6 - 4 + 3*k. Give f(-1).
-4
Let j(t) = t**3 + 9*t**2 - 5. Suppose -y - 4 = -5*d, 2*y - 10 = -3*d - 31. Calculate j(y).
-5
Let v(h) = -h**2 + 1. Suppose 1 = -3*w + 4. Let d(i) = i - 1. Let c(x) = w*v(x) - d(x). What is c(3)?
-10
Suppose 0 = x - 2 - 1. Suppose -3*h - 18 = -x. Let d(z) = -z**2 - z + 1. Let s(v) = -v**2 + 5*v + 4. Let k(q) = 2*d(q) - s(q). Determine k(h).
8
Let r(s) = s**2 - 19*s + 14. Let q be r(18). Let f(b) = -b**2 - 3*b + 3. Calculate f(q).
-1
Let p(j) = -j**2 + 2. Let a be ((-78)/(-9))/(4/6). Let t = a + -7. Let u = 6 - t. Give p(u).
2
Let h be ((-27)/6 - -3)*4. Let l(u) = u**3 + 7*u**2 + 4*u - 7. Calculate l(h).
5
Let o = 16 - 11. Suppose -4*f + 0 + 16 = 0. Let z(v) = -2*v**2 - f - v - 2*v + 3*v**2 + v. Calculate z(o).
11
Let h be 1/((-3)/6) + 1/1. Let k(i) = -3*i + 1. Let b(n) = -n - 1. Let o(x) = 2*b(x) + 2*k(x). What is o(h)?
8
Let k be -2 + (-4 + 0)/(-1). Let b be (-88)/24 + k/3. Let u(g) = -g + 3. Give u(b).
6
Let t be 4/(-3)*3 - 1. Let n(k) be the second derivative of k**5/120 - k**4/6 - k**3/3 - 2*k. Let a(j) be the second derivative of n(j). Give a(t).
-9
Let i(z) = -6*z**2 - z - 1. Suppose -5*s = -4*o + 60, 2*s - s = -2*o + 2. Let d = s + 13. Suppose 0 = -4*v + d*m - 2*m - 10, 7 = v + 4*m. Calculate i(v).
-6
Let l(q) be the third derivative of -q**5/60 - q**4/12 - q**3/2 - 3*q**2 - 2. Calculate l(-2).
-3
Let m(w) be the first derivative of w**2/2 - 2*w - 1. Let t be 4*2/(-4) - -2. Suppose 7*f - 4*f = t. Determine m(f).
-2
Let a(b) = -b**2 + 3. Let p be a(0). Suppose 0 - p = 3*s. Let t(w) = w**2 + 2*w + 1. Calculate t(s).
0
Let i(x) = -16*x**2 + 1. Let d be i(-1). Let n = 8 + d. Let h(k) = k + 4. Give h(n).
-3
Let o = -16 - -13. Let r be ((-2)/4)/(o/(-30)). Let g(b) = b**2 + 5*b + 4. Give g(r).
4
Let d(f) be the third derivative of f**5/60 - f**4/6 + f**3/3 - f**2. Let c be d(4). Let q(b) = 4 - 2*b + 2*b**2 - b**c - 5. What is q(3)?
2
Suppose 0 = -a - 2*a + 3. Suppose -p + a + 2 = 0. Let b(w) = -w - 4. Calculate b(p).
-7
Let k(f) = -f + 1. Let b(s) = s - 1. Let y(t) = -3*b(t) - 4*k(t). Determine y(3).
2
Let r(g) be the third derivative of g**5/60 - 7*g**4/24 - 11*g**3/6 + 4*g**2 - 6*g. Give r(8).
-3
Let p(t) = -8*t**3 + t - 3*t**2 + t**2 + 3*t**2. What is p(-1)?
8
Let h be (2/6)/(1/(-3)). Let g(l) = 2*l**3 - l**2. Give g(h).
-3
Suppose -2*y + 22 - 2 = 0. Suppose -y = -b - b. Let c(m) = m**2 - 4*m + 3. What is c(b)?
8
Suppose 4*h - 23 - 9 = 0. Let t(v) = 2*v - v - h + 5 - 2*v. Determine t(0).
-3
Let m be (5/(-4))/((-1)/4). Let w(b) = -14*b**2 + 7*b + 6. Let l(n) = -13*n**2 + 6*n + 5. Let c(t) = m*w(t) - 6*l(t). Give c(1).
7
Let z(s) = -2*s**2 - 3*s - 24. Let d(q) = -3*q**2 - 4*q - 25. Let b(i) = 3*d(i) - 4*z(i). Calculate b(0).
21
Let q(f) = 1 - 27*f**2 - f - f + 12*f**2 + 16*f**2. Determine q(-2).
9
Suppose -5*u = 2*s - 28, 0 = -5*u + s + 9 + 22. Let o = -6 + u. Let w(j) = j**3 + j - 2. Calculate w(o).
-2
Let y(n) = n - 4. Let o(v) = -2. Let z(t) = 5*o(t) - 3*y(t). What is z(2)?
-4
Let s be -2*(-4)/(16/6). Let g(j) = 1 - 2*j**3 + 2*j**3 - 4*j**3 + s*j**3 + j - j**2. Calculate g(-2).
3
Suppose 2*g = -g - 12. Let t(q) = 7*q**3 + 5*q**2 + 12*q + 8. Let r(a) = 13*a**3 + 10*a**2 + 23*a + 15. Let f(y) = -6*r(y) + 11*t(y). Determine f(g).
6
Let o(u) = 10*u. Suppose 0 = -2*a + 3*p - 13, -4 = -2*a + 3*a - p. Calculate o(a).
10
Let t(l) = -l**3 + 6*l**2 - 4*l + 6. Suppose 3*o - 20 = 5*i, -4*o + 0*o = 3*i - 17. Calculate t(o).
11
Let p(z) be the first derivative of z**2 - 3*z - 1. Suppose 2*n + 20 = 4*d, 3*d - 4*n = 2*d + 19. Calculate p(d).
3
Let b(h) = 6*h**3 - 2*h**2 - 4*h. Let o(v) = 5*v**3 - v**2 - 4*v. Let w(l) = 6*b(l) - 7*o(l). Determine w(3).
-6
Let k(j) = j. Let d(a) = a - 1. Let i(y) = -4*d(y) + 5*k(y). Give i(-6).
-2
Let o(q) be the first derivative of 13*q**2/2 - 15*q - 2. Let v(y) = 4*y - 5. Let d(c) = -2*o(c) + 7*v(c). Calculate d(5).
5
Let l(h) be the second derivative of 1/2*h**3 - 3/2*h**2 + 0 + 1/12*h**4 - h. Let n be -7 + 5/(10/4). What is l(n)?
7
Let j(s) = -2*s + 2. Let b be j(2). Let w be 5 - ((-1 - b) + 2). Let v(i) = i**3 + 2 - 3*i**2 + w - i - 2*i - 5. Determine v(4).
3
Let y(a) be the second derivative of 0*a**2 + 0 - 1/6*a**3 - 3*a. Determine y(-3).
3
Let v = -239 + 234. Let p(i) be the first derivative of i**5/60 + i**4/8 - 2*i**3/3 + i**2/2 - 2. Let n(g) be the second derivative of p(g). Calculate n(v).
6
Suppose z = 5, 0 = -h - 2*z + 3*z - 5. Let w(c) = -3 + 0 - c + 0*c. Determine w(h).
-3
Let q be (-3)/(-3)*(-2 - -1). Let d(l) = -9*l**2 + 2 - 2*l + 3 - 6 + 10*l**2. Give d(q).
2
Let w(n) be the second derivative of 0 - 1/12*n**4 - 2*n**2 + 1/6*n**3 - 1/20*n**5 - 3*n. Give w(0).
-4
Let t(v) = -4 + 0 + v - 4 + 0*v. What is t(5)?
-3
Let i(q) = -q**3 + 9*q**2 - 8*q + 2. Suppose -3*j + 5*f - 2*f + 9 = 0, 5*f = 2*j + 9. Calculate i(j).
2
Suppose 3*x = -4*w + 10, -w - 2*x = -0*x - 5. Let n = 1 - w. Let i(o) be the second derivative of -o**4/12 + o**3/6 + 9*o**2/2 + 2*o. Calculate i(n).
9
Let b(s) = -5*s + 3. Let q(f) = -6*f + 4. Let v(o) = -4*b(o) + 3*q(o). Give v(-1).
-2
Let b(p) = -1 + 2 + 0 - 19*p + 20*p. What is b(2)?
3
Let l(k) = -k - 5. Let p(f) = -6*f - 24. Let w(a) = -11*l(a) + 2*p(a). Determine w(0).
7
Let l(b) = -b**2 + b + 1. Let d(m) = m**3 + 3*m**2 - 4*m - 4. Let h(t) = d(t) + 4*l(t). What is h(2)?
4
Let j(v) = -v**2 - 5*v + 1. Suppose -7*y - 65 = 6*y. Determine j(y).
1
Let u(b) be the second derivative of b**4/8 + b**3/2 - 3*b**2/2 + 3*b. Let i(m) be the first derivative of u(m). Calculate i(-3).
-6
Let m(l) = 15 - l - 8 + 3*l. Let f(t) = 3*t - 45. Let x be f(13). Give m(x).
-5
Let n = -81 - -84. Let k(t) be the first derivative of -n - t + 5/2*t**2. Determine k(1).
4
Let a(b) = -3*b**3 + 3*b**2 + 3*b + 6. Let g(s) = 7*s**3 - 5*s**2 - 4*s - 12. Let r(o) = -5*a(o) - 2*g(o). Calculate r(6).
-12
Suppose -4*q - 1105 = q. Let g be (-1300)/q + 2/17. Let j(r) = -r**2 + 7*r - 6. What is j(g)?
0
Let o(t) = -1. Let w(z) = 5*z - 2. Let v(x) = -2*o(x) + w(x). Let r(b) = -4*b + 1. Let f(j) = -6*r(j) - 5*v(j). Give f(-3).
-3
Let i = 1 + -3. Let r = 1 - i. Suppose 16 = n + 4*g, 3*g + 3 = r*n - 0*g. Let m(u) = u**3 - 3*u**2 - 5*u - 3. Give m(n).
-7